{"id":9367,"date":"2017-08-03T12:37:20","date_gmt":"2017-08-03T15:37:20","guid":{"rendered":"https:\/\/www.crea-mt.org.br\/portal\/?page_id=9367"},"modified":"2017-08-03T12:37:20","modified_gmt":"2017-08-03T15:37:20","slug":"a-acessibilidade-do-crea-mato-grosso","status":"publish","type":"page","link":"https:\/\/www.crea-mt.org.br\/portal\/acessibilidade\/a-acessibilidade-do-crea-mato-grosso\/","title":{"rendered":"A Acessibilidade do CREA Mato Grosso"},"content":{"rendered":"<p>O Conselho Regional de Engenharia e Agronomia, por sua pr\u00f3pria fun\u00e7\u00e3o social, sempre se preocupou com a garantia da acessibilidade aos mais diferentes p\u00fablicos. Para o CREA-MT, acessibilidade \u00e9 um dever social que deve ser cumprido \u00e0 risca em todos os eixos definidos como norteadores de nosso programa que s\u00e3o: qualifica\u00e7\u00e3o de nossas instala\u00e7\u00f5es, qualifica\u00e7\u00e3o dos servidores, conscientiza\u00e7\u00e3o da sociedade, treinamento de profissionais e da pr\u00f3pria fiscaliza\u00e7\u00e3o. Aos poucos estamos conseguindo implant\u00e1-las, fazendo com que hajam a\u00e7\u00f5es afirmativas definitivas em todo o Estado.<\/p>\n<p>Assim, em nosso novo site, n\u00e3o seria diferente, seguindo as recomenda\u00e7\u00f5es das organiza\u00e7\u00f5es e padroniza\u00e7\u00f5es internacionais, agora, pessoas com defici\u00eancia visual, baixa vis\u00e3o, daltonismo e defici\u00eancia auditiva e\/ou de fala, podem navegar em nosso site por meio de recursos que foram implementados para garantir este acesso. S\u00e3o eles:<\/p>\n<h3><strong>Defici\u00eancia visual:<\/strong><\/h3>\n<p><strong>Aumento e diminui\u00e7\u00e3o de fonte:<\/strong> Para aumentar a fonte, \u00e9 s\u00f3 clicar no s\u00edmbolo de A+ em nossa barra de acessibilidade. Caso queira voltar ao tamanho de fonte original, \u00e9 s\u00f3 clicar em A-. Se for necess\u00e1rio, tamb\u00e9m pode ser usado o Zoom nativo do seu navegador, pressionando as teclas \u201cCtrl\u201d e \u201c+\u201d para aumentar todo o site e \u201cCtrl\u201d e \u201c-\u201c para diminui-lo. Para voltar ao padr\u00e3o, pressione \u201cCtrl\u201d e \u201c0\u201d.<\/p>\n<p><strong>Alto contraste:<\/strong> O usu\u00e1rio com defici\u00eancia visual tamb\u00e9m pode usar o recurso do Alto Contraste, na barra de acessibilidade, para intensificar o contraste da p\u00e1gina com combina\u00e7\u00f5es alternativas de cores que facilitam a leitura.<\/p>\n<p><strong>Leitura do site atrav\u00e9s de softwares:<\/strong> Os usu\u00e1rios podem instalar programas que fazem a leitura do site, s\u00e3o sugest\u00f5es de programas dispon\u00edveis para pessoas com defici\u00eancia:<\/p>\n<p>&#8211; Nitrous Voice Flux: controla o computador por voz e, \u00e9 Gratuito;<\/p>\n<p>&#8211; NVDA: software livre para ler tela, em v\u00e1rios idiomas (Windows);<\/p>\n<p>&#8211; YeoSoft Text: leitor de tela em ingl\u00eas e portugu\u00eas;<\/p>\n<p>&#8211; Jaws for Windows: leitor de tela, em v\u00e1rios idiomas;<\/p>\n<p>&#8211; Virtual Vision: leitor de telas em portugu\u00eas do Brasil;<\/p>\n<p>&#8211; DOSVOX: sistema para deficientes visuais (Windows ou Linux).<\/p>\n<h3>Defici\u00eancia auditiva:<\/h3>\n<p><strong>Vlibras:<\/strong> Na barra de acessibilidade, clicando no \u00edcone do Vlibras o usu\u00e1rio \u00e9 direcionado para a p\u00e1gina deste plugin, que pode ser usado em diversos devices e plataformas. O Vlibras aciona um recurso que traduz informa\u00e7\u00f5es como textos, \u00e1udio e v\u00eddeos para a linguagem brasileira de sinais (LIBRAS) e torna todo o conte\u00fado do site acess\u00edvel para pessoas com defici\u00eancia auditiva.<\/p>\n<p>Nestes casos, nosso site tem melhor acessibilidade quando acessado nas vers\u00f5es mais atualizadas do seu navegador. Utilize sempre a vers\u00e3o mais recente de seu software.<\/p>\n","protected":false},"excerpt":{"rendered":"<p>O Conselho Regional de Engenharia e Agronomia, por sua pr\u00f3pria fun\u00e7\u00e3o social, sempre se preocupou com a garantia da acessibilidade aos mais diferentes p\u00fablicos. Para o CREA-MT, acessibilidade \u00e9 um dever social que deve ser cumprido \u00e0 risca em todos os eixos definidos como norteadores de nosso programa que s\u00e3o: qualifica\u00e7\u00e3o de nossas instala\u00e7\u00f5es, qualifica\u00e7\u00e3o [&hellip;]<\/p>\n","protected":false},"author":1,"featured_media":0,"parent":9319,"menu_order":0,"comment_status":"closed","ping_status":"closed","template":"","meta":{"footnotes":""},"class_list":["post-9367","page","type-page","status-publish","hentry"],"acf":[],"_links":{"self":[{"href":"https:\/\/www.crea-mt.org.br\/portal\/wp-json\/wp\/v2\/pages\/9367","targetHints":{"allow":["GET"]}}],"collection":[{"href":"https:\/\/www.crea-mt.org.br\/portal\/wp-json\/wp\/v2\/pages"}],"about":[{"href":"https:\/\/www.crea-mt.org.br\/portal\/wp-json\/wp\/v2\/types\/page"}],"author":[{"embeddable":true,"href":"https:\/\/www.crea-mt.org.br\/portal\/wp-json\/wp\/v2\/users\/1"}],"replies":[{"embeddable":true,"href":"https:\/\/www.crea-mt.org.br\/portal\/wp-json\/wp\/v2\/comments?post=9367"}],"version-history":[{"count":1,"href":"https:\/\/www.crea-mt.org.br\/portal\/wp-json\/wp\/v2\/pages\/9367\/revisions"}],"predecessor-version":[{"id":9368,"href":"https:\/\/www.crea-mt.org.br\/portal\/wp-json\/wp\/v2\/pages\/9367\/revisions\/9368"}],"up":[{"embeddable":true,"href":"https:\/\/www.crea-mt.org.br\/portal\/wp-json\/wp\/v2\/pages\/9319"}],"wp:attachment":[{"href":"https:\/\/www.crea-mt.org.br\/portal\/wp-json\/wp\/v2\/media?parent=9367"}],"curies":[{"name":"wp","href":"https:\/\/api.w.org\/{rel}","templated":true}]}}