{"id":9319,"date":"2017-08-03T09:16:43","date_gmt":"2017-08-03T12:16:43","guid":{"rendered":"https:\/\/www.crea-mt.org.br\/portal\/?page_id=9319"},"modified":"2018-01-23T15:21:36","modified_gmt":"2018-01-23T18:21:36","slug":"acessibilidade","status":"publish","type":"page","link":"https:\/\/www.crea-mt.org.br\/portal\/acessibilidade\/","title":{"rendered":"Acessibilidade"},"content":{"rendered":"<p>Acessibilidade \u00e9 condi\u00e7\u00e3o fundamental de inclus\u00e3o da pessoa com defici\u00eancia. Abrange a infra-estrutura urbana, em suas vias p\u00fablicas, sistemas de transporte e pra\u00e7as, e as edifica\u00e7\u00f5es em todo o seu contexto e tipologia arquitet\u00f4nica, inclusive ag\u00eancias banc\u00e1rias, exceto suas \u00e1reas de carga e descarga, as \u00e1reas de estoque, casas de m\u00e1quinas e instala\u00e7\u00f5es especiais de sistemas.<\/p>\n<p>A base de inclus\u00e3o na sociedade,\u00a0<em>sem d\u00favida<\/em>, \u00e9 acessibilidade \u00e0s edifica\u00e7\u00f5es, espa\u00e7os, mobili\u00e1rios e elementos. Sem ela \u00e9 imposs\u00edvel de tratar de inclus\u00e3o da pessoa com defici\u00eancia e da pessoa com mobilidade reduzida.<\/p>\n<p>Para o Crea-MT, acessibilidade \u00e9 um dever social e deve ser cumprida a risca, em todos os eixosdefinidos como norteadores de nosso programa que s\u00e3o Qualifica\u00e7\u00e3o de nossas instala\u00e7\u00f5es, qualifica\u00e7\u00e3o dos servidores, conscientiza\u00e7\u00e3o da sociedade, \u00a0treinamento dos profissionais e fiscaliza\u00e7\u00e3o. Aos poucos conseguimos implant\u00e1-los, fazendo com que haja a\u00e7\u00f5es afirmativas definitivas em todo o estado. Aos nossos olhos, entendemos que nossas a\u00e7\u00f5es s\u00e3o mutiliplicadoras e est\u00e3o sendo efetivas em todo o estado.<\/p>\n<p>Seja bem vindo, interaja, baixe arquivos, escreva artigos. Voc\u00ea \u00e9 parte de nosso programa.<\/p>\n<div id=\"right\">\n<div id=\"conteudo_int\">\n<p><a href=\"https:\/\/www.crea-mt.org.br\/portal\/acessibilidade\/a-acessibilidade-do-crea-mato-grosso\/\">Acessibilidade do site crea-mt.org.br<\/a><\/p>\n<\/div>\n<\/div>\n<div class=\"table-responsive\">\n<table class=\"table-bordered table\" border=\"0\" width=\"100%\" cellspacing=\"3\" cellpadding=\"3\">\n<tbody>\n<tr>\n<th class=\"titulo_3\" colspan=\"6\" scope=\"col\">Normas<\/th>\n<\/tr>\n<tr>\n<th scope=\"col\">Nome<\/th>\n<th scope=\"col\">Arquivo<\/th>\n<\/tr>\n<tr>\n<td class=\"left\">NBR 9050 Revisada &#8211; Acessibilidade a edifica\u00e7\u00f5es, mobili\u00e1rio, espa\u00e7os e equipamentos urbanos<\/td>\n<td align=\"center\"><a href=\"\/arquivos\/7dc1f807d6bf688b278f12a68e4031e7.pdf\" target=\"new\"><i class=\"fa fa-arrow-down\" aria-hidden=\"true\"><\/i> Baixar<\/a><\/td>\n<\/tr>\n<tr>\n<td class=\"left\">Estatuto da Pessoa com Defici\u00eancia<\/td>\n<td align=\"center\"><a href=\"\/arquivos\/c20e42f2328ea905a0eec7962c7699ce.pdf\" target=\"new\"><i class=\"fa fa-arrow-down\" aria-hidden=\"true\"><\/i> Baixar<\/a><\/td>\n<\/tr>\n<tr>\n<td class=\"left\">NBR 14970-3 Acessibilidade em ve\u00edculos automotores-Parte 03<\/td>\n<td align=\"center\"><a href=\"\/arquivos\/9386f7b5436ab7eacd31db25b9b16b9d.pdf\" target=\"new\"><i class=\"fa fa-arrow-down\" aria-hidden=\"true\"><\/i> Baixar<\/a><\/td>\n<\/tr>\n<tr>\n<td class=\"left\">NBR 14970-2 Acessibilidade em ve\u00edculos automotores-Parte 02<\/td>\n<td align=\"center\"><a href=\"\/arquivos\/9e509e253070895728e166aa2d0f1206.pdf\" target=\"new\"><i class=\"fa fa-arrow-down\" aria-hidden=\"true\"><\/i> Baixar<\/a><\/td>\n<\/tr>\n<tr>\n<td class=\"left\">NBR 14970-1 Acessibilidade em ve\u00edculos automotores-Parte 01<\/td>\n<td align=\"center\"><a href=\"\/arquivos\/0a6dac17cba9a1aa19245c52df4a7707.pdf\" target=\"new\"><i class=\"fa fa-arrow-down\" aria-hidden=\"true\"><\/i> Baixar<\/a><\/td>\n<\/tr>\n<tr>\n<td class=\"left\">NBR 16001-Responsabilidade social, Sistema da gest\u00e3o e Requisitos<\/td>\n<td align=\"center\"><a href=\"\/arquivos\/8b2af3b3cd069ee39dc0b20e63d09938.pdf\" target=\"new\"><i class=\"fa fa-arrow-down\" aria-hidden=\"true\"><\/i> Baixar<\/a><\/td>\n<\/tr>\n<tr>\n<td class=\"left\">NBR 15599-Acessibilidade &#8211; Comunica\u00e7\u00e3o na presta\u00e7\u00e3o de servi\u00e7os<\/td>\n<td align=\"center\"><a href=\"\/arquivos\/40433396cd6f60ee4dff0ed119bc397e.pdf\" target=\"new\"><i class=\"fa fa-arrow-down\" aria-hidden=\"true\"><\/i> Baixar<\/a><\/td>\n<\/tr>\n<tr>\n<td class=\"left\">NBR 15570-Transporte &#8211; Especifica\u00e7\u00f5es t\u00e9cnicas para fabrica\u00e7\u00e3o de ve\u00edculos de caracter\u00edsticas urbanas para transporte coletivo de passageiros<\/td>\n<td align=\"center\"><a href=\"\/arquivos\/dc32bdebabfe0d3ed3bf2f938908db9b.pdf\" target=\"new\"><i class=\"fa fa-arrow-down\" aria-hidden=\"true\"><\/i> Baixar<\/a><\/td>\n<\/tr>\n<tr>\n<td class=\"left\">NBR 15450-Acessibilidade de passageiros no sistema de transporte aquavi\u00e1rio<\/td>\n<td align=\"center\"><a href=\"\/arquivos\/2eb6c12603b0efc808bd91ccbee9e369.pdf\" target=\"new\"><i class=\"fa fa-arrow-down\" aria-hidden=\"true\"><\/i> Baixar<\/a><\/td>\n<\/tr>\n<tr>\n<td class=\"left\">NBR 15320-Acessibilidade \u00e0 pessoa com defici\u00eancia no transporte rodovi\u00e1rio<\/td>\n<td align=\"center\"><a href=\"\/arquivos\/76e082801419de1a70ad6975f2988977.pdf\" target=\"new\"><i class=\"fa fa-arrow-down\" aria-hidden=\"true\"><\/i> Baixar<\/a><\/td>\n<\/tr>\n<tr>\n<td class=\"left\">NBR 15250-Acessibilidade em caixa de auto-atendimento banc\u00e1rio<\/td>\n<td align=\"center\"><a href=\"\/arquivos\/c62c6d65433cecfa4f2f0b197787f58a.pdf\" target=\"new\"><i class=\"fa fa-arrow-down\" aria-hidden=\"true\"><\/i> Baixar<\/a><\/td>\n<\/tr>\n<tr>\n<td class=\"left\">NBR 15290-Acessibilidade em comunica\u00e7\u00e3o na televis\u00e3o<\/td>\n<td align=\"center\"><a href=\"\/arquivos\/de85e32415f8d86589b52e4b102e67ac.pdf\" target=\"new\"><i class=\"fa fa-arrow-down\" aria-hidden=\"true\"><\/i> Baixar<\/a><\/td>\n<\/tr>\n<tr>\n<td class=\"left\">NBR 14022-Acessibilidade em ve\u00edculos de caracter\u00edsticas urbanas para o transporte coletivo de passageiros<\/td>\n<td align=\"center\"><a href=\"\/arquivos\/603609d6bc0d1f7a052d0222b673153a.pdf\" target=\"new\"><i class=\"fa fa-arrow-down\" aria-hidden=\"true\"><\/i> Baixar<\/a><\/td>\n<\/tr>\n<tr>\n<td class=\"left\">NBR 14021-Acessibilidade no sistema de trem urbano ou metropolitano<\/td>\n<td align=\"center\"><a href=\"\/arquivos\/2af8b10ca8340eb5fc8b874880e04598.pdf\" target=\"new\"><i class=\"fa fa-arrow-down\" aria-hidden=\"true\"><\/i> Baixar<\/a><\/td>\n<\/tr>\n<tr>\n<td class=\"left\">NBR 14020-Elevadores para transporte de pessoa portadora de defici\u00eancia<\/td>\n<td align=\"center\"><a href=\"\/arquivos\/f35bcf0a9462a2f66451588493052590.pdf\" target=\"new\"><i class=\"fa fa-arrow-down\" aria-hidden=\"true\"><\/i> Baixar<\/a><\/td>\n<\/tr>\n<tr>\n<td class=\"left\">NBR 13994-Elevadores para transporte de pessoa portadora de defici\u00eancia<\/td>\n<td align=\"center\"><a href=\"\/arquivos\/d311a221a29e286002699a7720e30b60.pdf\" target=\"new\"><i class=\"fa fa-arrow-down\" aria-hidden=\"true\"><\/i> Baixar<\/a><\/td>\n<\/tr>\n<tr>\n<td class=\"left\">NBR14273_Acessibilidade em Transporte A\u00e9reo Comercial<\/td>\n<td align=\"center\"><a href=\"\/arquivos\/73e7faf424f5b03499c0fdee4c769f1f.pdf\" target=\"new\"><i class=\"fa fa-arrow-down\" aria-hidden=\"true\"><\/i> Baixar<\/a><\/td>\n<\/tr>\n<tr>\n<th class=\"titulo_3\" colspan=\"6\" scope=\"col\">Leis<\/th>\n<\/tr>\n<tr>\n<th scope=\"col\">Nome<\/th>\n<th scope=\"col\">Arquivo<\/th>\n<\/tr>\n<tr>\n<td class=\"left\">Decreto 5.296\/2004<\/td>\n<td align=\"center\"><a href=\"\/arquivos\/68bb24ec977fa0220c2ee815769aec25.pdf\" target=\"new\"><i class=\"fa fa-arrow-down\" aria-hidden=\"true\"><\/i> Baixar<\/a><\/td>\n<\/tr>\n<tr>\n<th class=\"titulo_3\" colspan=\"6\" scope=\"col\">Manuais<\/th>\n<\/tr>\n<tr>\n<th scope=\"col\">Nome<\/th>\n<th scope=\"col\">Arquivo<\/th>\n<\/tr>\n<tr>\n<td class=\"left\">Cartilha de Acessibilidade em edifica\u00e7\u00f5es Crea-MG<\/td>\n<td align=\"center\"><a href=\"\/arquivos\/9eeed7c9d49a13a688c7ec23eb7e4add.pdf\" target=\"new\"><i class=\"fa fa-arrow-down\" aria-hidden=\"true\"><\/i> Baixar<\/a><\/td>\n<\/tr>\n<tr>\n<td class=\"left\">Cartilha-Acessibilidade Urbana Crea-MG<\/td>\n<td align=\"center\"><a href=\"\/arquivos\/f3d418e36e17280da213eaeb7f465441.pdf\" target=\"new\"><i class=\"fa fa-arrow-down\" aria-hidden=\"true\"><\/i> Baixar<\/a><\/td>\n<\/tr>\n<tr>\n<td class=\"left\">Cartilha Conven\u00e7\u00e3o sobre os Direitos das Pessoas com Defici\u00eancia<\/td>\n<td align=\"center\"><a href=\"\/arquivos\/328a54ba3d42dfcaa7906e45a1d08e2e.pdf\" target=\"new\"><i class=\"fa fa-arrow-down\" aria-hidden=\"true\"><\/i> Baixar<\/a><\/td>\n<\/tr>\n<\/tbody>\n<\/table>\n<\/div>\n","protected":false},"excerpt":{"rendered":"<p>Acessibilidade \u00e9 condi\u00e7\u00e3o fundamental de inclus\u00e3o da pessoa com defici\u00eancia. Abrange a infra-estrutura urbana, em suas vias p\u00fablicas, sistemas de transporte e pra\u00e7as, e as edifica\u00e7\u00f5es em todo o seu contexto e tipologia arquitet\u00f4nica, inclusive ag\u00eancias banc\u00e1rias, exceto suas \u00e1reas de carga e descarga, as \u00e1reas de estoque, casas de m\u00e1quinas e instala\u00e7\u00f5es especiais de [&hellip;]<\/p>\n","protected":false},"author":1,"featured_media":0,"parent":0,"menu_order":0,"comment_status":"closed","ping_status":"closed","template":"","meta":{"footnotes":""},"class_list":["post-9319","page","type-page","status-publish","hentry"],"acf":[],"_links":{"self":[{"href":"https:\/\/www.crea-mt.org.br\/portal\/wp-json\/wp\/v2\/pages\/9319","targetHints":{"allow":["GET"]}}],"collection":[{"href":"https:\/\/www.crea-mt.org.br\/portal\/wp-json\/wp\/v2\/pages"}],"about":[{"href":"https:\/\/www.crea-mt.org.br\/portal\/wp-json\/wp\/v2\/types\/page"}],"author":[{"embeddable":true,"href":"https:\/\/www.crea-mt.org.br\/portal\/wp-json\/wp\/v2\/users\/1"}],"replies":[{"embeddable":true,"href":"https:\/\/www.crea-mt.org.br\/portal\/wp-json\/wp\/v2\/comments?post=9319"}],"version-history":[{"count":7,"href":"https:\/\/www.crea-mt.org.br\/portal\/wp-json\/wp\/v2\/pages\/9319\/revisions"}],"predecessor-version":[{"id":15188,"href":"https:\/\/www.crea-mt.org.br\/portal\/wp-json\/wp\/v2\/pages\/9319\/revisions\/15188"}],"wp:attachment":[{"href":"https:\/\/www.crea-mt.org.br\/portal\/wp-json\/wp\/v2\/media?parent=9319"}],"curies":[{"name":"wp","href":"https:\/\/api.w.org\/{rel}","templated":true}]}}