{"id":74938,"date":"2026-09-02T11:05:48","date_gmt":"2026-09-02T15:05:48","guid":{"rendered":"https:\/\/www.crea-mt.org.br\/portal\/?page_id=74938"},"modified":"2026-09-02T11:06:56","modified_gmt":"2026-09-02T15:06:56","slug":"diretoria","status":"publish","type":"page","link":"https:\/\/www.crea-mt.org.br\/portal\/cma\/diretoria\/","title":{"rendered":"Diretoria"},"content":{"rendered":"<p>A C\u00e2mara de Media\u00e7\u00e3o e Arbitragem do CREA-MT \u00e9 dirigida por profissionais designados na forma do seu Regimento Interno, respons\u00e1veis pela administra\u00e7\u00e3o institucional da C\u00e2mara e pela garantia da observ\u00e2ncia dos princ\u00edpios que regem os m\u00e9todos adequados de solu\u00e7\u00e3o de conflitos.<\/p>\n<p>Compete \u00e0 Diretoria assegurar o regular funcionamento da CMA, promover o desenvolvimento institucional da C\u00e2mara, zelar pela qualidade dos procedimentos administrados e incentivar a utiliza\u00e7\u00e3o da media\u00e7\u00e3o, da concilia\u00e7\u00e3o e da arbitragem como instrumentos eficientes de pacifica\u00e7\u00e3o social.<\/p>\n<p>A atua\u00e7\u00e3o da Diretoria possui natureza exclusivamente administrativa e institucional, preservando a independ\u00eancia e a imparcialidade dos mediadores, conciliadores e \u00e1rbitros respons\u00e1veis pela condu\u00e7\u00e3o dos procedimentos.<\/p>\n<p>A composi\u00e7\u00e3o da Diretoria poder\u00e1 ser consultada abaixo.<\/p>\n<p><em>(Inserir rela\u00e7\u00e3o nominal dos membros, cargos e per\u00edodo do mandato.)<\/em><\/p>\n","protected":false},"excerpt":{"rendered":"<p>A C\u00e2mara de Media\u00e7\u00e3o e Arbitragem do CREA-MT \u00e9 dirigida por profissionais designados na forma do seu Regimento Interno, respons\u00e1veis pela administra\u00e7\u00e3o institucional da C\u00e2mara e pela garantia da observ\u00e2ncia dos princ\u00edpios que regem os m\u00e9todos adequados de solu\u00e7\u00e3o de conflitos. Compete \u00e0 Diretoria assegurar o regular funcionamento da CMA, promover o desenvolvimento institucional da [&hellip;]<\/p>\n","protected":false},"author":0,"featured_media":0,"parent":74934,"menu_order":4,"comment_status":"closed","ping_status":"closed","template":"","meta":{"footnotes":""},"class_list":["post-74938","page","type-page","status-publish","hentry"],"acf":[],"_links":{"self":[{"href":"https:\/\/www.crea-mt.org.br\/portal\/wp-json\/wp\/v2\/pages\/74938","targetHints":{"allow":["GET"]}}],"collection":[{"href":"https:\/\/www.crea-mt.org.br\/portal\/wp-json\/wp\/v2\/pages"}],"about":[{"href":"https:\/\/www.crea-mt.org.br\/portal\/wp-json\/wp\/v2\/types\/page"}],"replies":[{"embeddable":true,"href":"https:\/\/www.crea-mt.org.br\/portal\/wp-json\/wp\/v2\/comments?post=74938"}],"version-history":[{"count":1,"href":"https:\/\/www.crea-mt.org.br\/portal\/wp-json\/wp\/v2\/pages\/74938\/revisions"}],"predecessor-version":[{"id":74945,"href":"https:\/\/www.crea-mt.org.br\/portal\/wp-json\/wp\/v2\/pages\/74938\/revisions\/74945"}],"up":[{"embeddable":true,"href":"https:\/\/www.crea-mt.org.br\/portal\/wp-json\/wp\/v2\/pages\/74934"}],"wp:attachment":[{"href":"https:\/\/www.crea-mt.org.br\/portal\/wp-json\/wp\/v2\/media?parent=74938"}],"curies":[{"name":"wp","href":"https:\/\/api.w.org\/{rel}","templated":true}]}}

<p>A Câmara de Mediação e Arbitragem do CREA-MT é dirigida por profissionais designados na forma do seu Regimento Interno, responsáveis pela administração institucional da Câmara e pela garantia da observância dos princípios que regem os métodos adequados de solução de conflitos.</p>
<p>Compete à Diretoria assegurar o regular funcionamento da CMA, promover o desenvolvimento institucional da Câmara, zelar pela qualidade dos procedimentos administrados e incentivar a utilização da mediação, da conciliação e da arbitragem como instrumentos eficientes de pacificação social.</p>
<p>A atuação da Diretoria possui natureza exclusivamente administrativa e institucional, preservando a independência e a imparcialidade dos mediadores, conciliadores e árbitros responsáveis pela condução dos procedimentos.</p>
<p>A composição da Diretoria poderá ser consultada abaixo.</p>
<p><em>(Inserir relação nominal dos membros, cargos e período do mandato.)</em></p>

<p>A Câmara de Mediação e Arbitragem do CREA-MT é dirigida por profissionais designados na forma do seu Regimento Interno, responsáveis pela administração institucional da Câmara e pela garantia da observância dos princípios que regem os métodos adequados de solução de conflitos. Compete à Diretoria assegurar o regular funcionamento da CMA, promover o desenvolvimento institucional da [&hellip;]</p>
