{"id":41194,"date":"2022-09-14T17:22:35","date_gmt":"2022-09-14T21:22:35","guid":{"rendered":"https:\/\/www.crea-mt.org.br\/portal\/?page_id=41194"},"modified":"2024-09-26T11:18:51","modified_gmt":"2024-09-26T15:18:51","slug":"como-preencher-art-a-posteriori","status":"publish","type":"page","link":"https:\/\/www.crea-mt.org.br\/portal\/como-preencher-art-a-posteriori\/","title":{"rendered":"Como preencher ART a Posteriori"},"content":{"rendered":"<p>A ART \u201cposteriori\u201d e feita ap\u00f3s o termino de uma obra\/servi\u00e7o, sendo obrigat\u00f3rio a apresenta\u00e7\u00e3o dos documentos abaixo:<\/p>\n<ul>\n<li>Indica\u00e7\u00e3o explicitamente o per\u00edodo da obra;<\/li>\n<li>O n\u00edvel de atua\u00e7\u00e3o e as atividades desenvolvidas como: trabalhos t\u00e9cnicos, correspond\u00eancias, di\u00e1rio de obras.<\/li>\n<li>Contrato da Obra em todos os n\u00edveis: Principal e Subempreitada (se houver);<\/li>\n<li>Ordem de Servi\u00e7o;<\/li>\n<li>Publica\u00e7\u00e3o da Portaria criando Comiss\u00e3o de Fiscaliza\u00e7\u00e3o;<\/li>\n<li>Publica\u00e7\u00e3o da Portaria criando Comiss\u00e3o de Recebimento da obra\/servi\u00e7o;<\/li>\n<li>Termo de Recebimento Provis\u00f3rio e Definitivo da Obra;<\/li>\n<li>Relat\u00f3rio de fotos com todas as etapas de constru\u00e7\u00e3o da obra;<\/li>\n<li>Di\u00e1rio da obra, assinado pelo contratante durante todo o per\u00edodo de execu\u00e7\u00e3o da obra;<\/li>\n<li>Notas fiscais;<\/li>\n<li>Comprova\u00e7\u00e3o do v\u00ednculo empregat\u00edcio (profissional);<\/li>\n<li>ART do respons\u00e1vel t\u00e9cnico principal (em caso de vincula\u00e7\u00e3o);<\/li>\n<li>Anu\u00eancia do respons\u00e1vel t\u00e9cnico principal;<\/li>\n<li>Apresentar justificativa \u00e0 parte, do n\u00e3o recolhimento da ART na \u00e9poca devida.<\/li>\n<li>Apresentar a ART em RASCUNHO conforme Artigo 5\u00b0 da resolu\u00e7\u00e3o 1050\/2013.<\/li>\n<\/ul>\n<p>OBS: Ao solicitar o processo de ART a posteriori ser\u00e1 cobrada a respectiva taxa referente ao servi\u00e7o.<\/p>\n<p>Ap\u00f3s deferido, ent\u00e3o ser\u00e1 gerada a taxa da ART.<\/p>\n<p>&nbsp;<\/p>\n<p>Manual de preenchimento; (<a href=\"https:\/\/www.crea-mt.org.br\/portal\/wp-content\/uploads\/2024\/07\/COMO-PREENCHER-ART-DE-OBRA-E-SERVICO-A-POSTERIORI-Atualizada.pdf\"><strong>clique aqui<\/strong><\/a>)<\/p>\n<p><strong>Valores para pagamento: <\/strong><\/p>\n<ul>\n<li>Taxa de ART:\u00a0 (<a href=\"https:\/\/www.crea-mt.org.br\/portal\/tabela-de-servicos\/\"><strong>clique aqui<\/strong><\/a>)<\/li>\n<\/ul>\n<p>Ap\u00f3s 10 (dez) dias da emiss\u00e3o do boleto de pagamento da ART, caso n\u00e3o seja quitado, ser\u00e1 necess\u00e1rio refazer a ART.<\/p>\n<p>&nbsp;<\/p>\n<p><strong>Para solicitar o servi\u00e7o<\/strong>,\u00a0<a href=\"http:\/\/ecrea.crea-mt.org.br\/Autenticacao\/Login?ReturnUrl=%2f\">clique\u00a0aqui<\/a><\/p>\n<p>A ART ap\u00f3s o pagamento, ser\u00e1 gerada em 24 (vinte e quatro) horas.<\/p>\n<p>&nbsp;<\/p>\n<p>D\u00favidas:<strong> (65) 3315-3000<\/strong><\/p>\n","protected":false},"excerpt":{"rendered":"<p>A ART \u201cposteriori\u201d e feita ap\u00f3s o termino de uma obra\/servi\u00e7o, sendo obrigat\u00f3rio a apresenta\u00e7\u00e3o dos documentos abaixo: Indica\u00e7\u00e3o explicitamente o per\u00edodo da obra; O n\u00edvel de atua\u00e7\u00e3o e as atividades desenvolvidas como: trabalhos t\u00e9cnicos, correspond\u00eancias, di\u00e1rio de obras. Contrato da Obra em todos os n\u00edveis: Principal e Subempreitada (se houver); Ordem de Servi\u00e7o; Publica\u00e7\u00e3o [&hellip;]<\/p>\n","protected":false},"author":1,"featured_media":0,"parent":0,"menu_order":0,"comment_status":"closed","ping_status":"closed","template":"","meta":{"footnotes":""},"class_list":["post-41194","page","type-page","status-publish","hentry"],"acf":[],"_links":{"self":[{"href":"https:\/\/www.crea-mt.org.br\/portal\/wp-json\/wp\/v2\/pages\/41194","targetHints":{"allow":["GET"]}}],"collection":[{"href":"https:\/\/www.crea-mt.org.br\/portal\/wp-json\/wp\/v2\/pages"}],"about":[{"href":"https:\/\/www.crea-mt.org.br\/portal\/wp-json\/wp\/v2\/types\/page"}],"author":[{"embeddable":true,"href":"https:\/\/www.crea-mt.org.br\/portal\/wp-json\/wp\/v2\/users\/1"}],"replies":[{"embeddable":true,"href":"https:\/\/www.crea-mt.org.br\/portal\/wp-json\/wp\/v2\/comments?post=41194"}],"version-history":[{"count":10,"href":"https:\/\/www.crea-mt.org.br\/portal\/wp-json\/wp\/v2\/pages\/41194\/revisions"}],"predecessor-version":[{"id":55269,"href":"https:\/\/www.crea-mt.org.br\/portal\/wp-json\/wp\/v2\/pages\/41194\/revisions\/55269"}],"wp:attachment":[{"href":"https:\/\/www.crea-mt.org.br\/portal\/wp-json\/wp\/v2\/media?parent=41194"}],"curies":[{"name":"wp","href":"https:\/\/api.w.org\/{rel}","templated":true}]}}