{"id":40417,"date":"2022-08-16T16:24:19","date_gmt":"2022-08-16T20:24:19","guid":{"rendered":"https:\/\/www.crea-mt.org.br\/portal\/?page_id=40417"},"modified":"2025-04-11T10:25:18","modified_gmt":"2025-04-11T14:25:18","slug":"registro-pessoa-fisica-profissional-exterior","status":"publish","type":"page","link":"https:\/\/www.crea-mt.org.br\/portal\/registro-pessoa-fisica-profissional-exterior\/","title":{"rendered":"Registro Pessoa F\u00edsica &#8211; Profissional Exterior"},"content":{"rendered":"<p>Servi\u00e7o destinado\u00a0<strong>EXCLUSIVAMENTE<\/strong>\u00a0\u00e0 profissionais que obtiveram gradua\u00e7\u00e3o em Institui\u00e7\u00e3o de Ensino\u00a0<strong>fora do Brasil<\/strong>. Aos profissionais formados em institui\u00e7\u00e3o de ensino Brasileira, utilize o servi\u00e7o de &#8220;Registro&#8221;.<\/p>\n<p>Para obt\u00ea-lo \u00e9 necess\u00e1ria \u00e9 necess\u00e1rio anexar os documentos relacionados abaixo no sistema E-crea, N\u00c3O sendo necess\u00e1rio a apresenta\u00e7\u00e3o f\u00edsica dos documentos::<\/p>\n<ul>\n<li>Comprovante de resid\u00eancia com\u00a0endere\u00e7o no estado de Mato Grosso (<a href=\"https:\/\/www.crea-mt.org.br\/portal\/wp-content\/uploads\/2022\/10\/Formulario-de-Declaracao-de-Endereco-1.pdf\">Modelo de Declara\u00e7\u00e3o<\/a>);<\/li>\n<li>CPF &#8211; Frente;<\/li>\n<li>CPF &#8211; Verso;<\/li>\n<li>Diploma \/ Certificado &#8211; Frente; (Apostilamento de registro de revalida\u00e7\u00e3o em uma universidade brasileira p\u00fablica). <a href=\"http:\/\/portal.mec.gov.br\/revalidacao-de-diplomas\/apresentacao\">Clique Aqui<\/a><\/li>\n<li>Diploma \/ Certificado &#8211; Verso; (Apostilamento de registro de revalida\u00e7\u00e3o em uma universidade brasileira p\u00fablica)<\/li>\n<li>Formul\u00e1rio com foto 3&#215;4 e assinatura; (<strong><a href=\"https:\/\/www.crea-mt.org.br\/portal\/wp-content\/uploads\/2020\/03\/formulario.pdf\">clique aqui<\/a><\/strong>)<\/li>\n<li>Hist\u00f3rico escolar;<\/li>\n<li>RG &#8211; Frente;<\/li>\n<li>RG &#8211; Verso;<\/li>\n<li>Conte\u00fado Program\u00e1tico (<strong><span style=\"color: #ff0000;\">Ementa, Projeto Pedag\u00f3gico,<\/span><\/strong> Etc.,) &#8211; (traduzidos em l\u00edngua Portuguesa)<\/li>\n<\/ul>\n<p>O Diploma, Hist\u00f3rico Escolar e Conte\u00fado Program\u00e1tico devem estar em l\u00edngua Portuguesa ou traduzidos por tradutor juramentado (<a href=\"https:\/\/normativos.confea.org.br\/Media\/VersaoCompilada?p=547\">Par\u00e1grafo 4\u00ba do Artigo 4\u00ba da Resolu\u00e7\u00e3o 1.007\/2003<\/a>).<\/p>\n<p>O Diploma de gradua\u00e7\u00e3o tem que ser revalidado por universidade brasileira p\u00fablica, regularmente credenciada e mantida pelo Poder P\u00fablico, que tenha curso reconhecido do mesmo n\u00edvel e \u00e1rea ou equivalente.<\/p>\n<p>Obs: De acordo com a Se\u00e7\u00e3o II do Cap\u00edtulo III da Resolu\u00e7\u00e3o 1.007\/2003, o requerimento dever\u00e1 ser apreciado pela C\u00e2mara competente, Plen\u00e1rio do CREA-MT e Plen\u00e1rio do CONFEA.<\/p>\n<p><strong>\u00a0<\/strong><\/p>\n<p><strong>Valores para pagamento:<\/strong><\/p>\n<p>Taxa de Registro:<\/p>\n<table>\n<tbody>\n<tr>\n<td colspan=\"2\" width=\"576\"><\/td>\n<\/tr>\n<tr>\n<td width=\"423\">Registro profissional<\/td>\n<td width=\"153\">Ver tabela no site<\/td>\n<\/tr>\n<tr>\n<td width=\"423\">Expedi\u00e7\u00e3o de Carteira de Identidade Profissional<\/td>\n<td width=\"153\">Ver tabela no site<\/td>\n<\/tr>\n<\/tbody>\n<\/table>\n<p>&nbsp;<\/p>\n<p>Valores das anuidades para profissionais que ainda solicitar\u00e3o o seu registro:<\/p>\n<p>Profissional de\u00a0<strong>n\u00edvel superior<\/strong>: Ver tabela no site<br \/>\nProfissional de\u00a0<strong>n\u00edvel m\u00e9dio<\/strong>: Ver tabela no site<\/p>\n<p>Ap\u00f3s 31 de janeiro a anuidade de pessoa f\u00edsica corresponder\u00e1 a tantos duod\u00e9cimos forem os meses at\u00e9 o final do exerc\u00edcio.<\/p>\n<p>&nbsp;<\/p>\n<p><strong>Para solicitar o servi\u00e7o<\/strong>,\u00a0<a href=\"https:\/\/ecrea.crea-mt.org.br\/Autenticacao\/Cadastro\">clique\u00a0aqui<\/a><\/p>\n<p><strong>Manual de Procedimento\u00a0<\/strong><a href=\"https:\/\/www.crea-mt.org.br\/portal\/wp-content\/uploads\/2022\/08\/COMO-SOLICITAR-REGISTRO-PESSOA-FISICA-EXTERIOR.pdf\">Clique Aqui<\/a><\/p>\n<p>&nbsp;<\/p>\n<p>&nbsp;<\/p>\n<p><strong>D\u00favidas: (65) 3315-3000 \u2013 Digite 1 para Atendimento ao P\u00fablico<\/strong><\/p>\n<!-- WP Attachments -->\r\n        <div style=\"width:100%;margin:10px 0 10px 0;\">\r\n            <h3>Attachments<\/h3>\r\n        <ul class=\"post-attachments\"><li class=\"post-attachment mime-application-pdf\"><a href=\"https:\/\/www.crea-mt.org.br\/portal\/wp-content\/uploads\/2022\/08\/COMO-SOLICITAR-REGISTRO-PESSOA-FISICA-EXTERIOR.pdf\">COMO SOLICITAR REGISTRO PESSOA FISICA EXTERIOR<\/a> <small>(2 MB)<\/small><\/li><\/ul><\/div>","protected":false},"excerpt":{"rendered":"<p>Servi\u00e7o destinado\u00a0EXCLUSIVAMENTE\u00a0\u00e0 profissionais que obtiveram gradua\u00e7\u00e3o em Institui\u00e7\u00e3o de Ensino\u00a0fora do Brasil. Aos profissionais formados em institui\u00e7\u00e3o de ensino Brasileira, utilize o servi\u00e7o de &#8220;Registro&#8221;. Para obt\u00ea-lo \u00e9 necess\u00e1ria \u00e9 necess\u00e1rio anexar os documentos relacionados abaixo no sistema E-crea, N\u00c3O sendo necess\u00e1rio a apresenta\u00e7\u00e3o f\u00edsica dos documentos:: Comprovante de resid\u00eancia com\u00a0endere\u00e7o no estado de Mato [&hellip;]<\/p>\n","protected":false},"author":1,"featured_media":0,"parent":0,"menu_order":0,"comment_status":"closed","ping_status":"closed","template":"","meta":{"footnotes":""},"class_list":["post-40417","page","type-page","status-publish","hentry"],"acf":[],"_links":{"self":[{"href":"https:\/\/www.crea-mt.org.br\/portal\/wp-json\/wp\/v2\/pages\/40417","targetHints":{"allow":["GET"]}}],"collection":[{"href":"https:\/\/www.crea-mt.org.br\/portal\/wp-json\/wp\/v2\/pages"}],"about":[{"href":"https:\/\/www.crea-mt.org.br\/portal\/wp-json\/wp\/v2\/types\/page"}],"author":[{"embeddable":true,"href":"https:\/\/www.crea-mt.org.br\/portal\/wp-json\/wp\/v2\/users\/1"}],"replies":[{"embeddable":true,"href":"https:\/\/www.crea-mt.org.br\/portal\/wp-json\/wp\/v2\/comments?post=40417"}],"version-history":[{"count":20,"href":"https:\/\/www.crea-mt.org.br\/portal\/wp-json\/wp\/v2\/pages\/40417\/revisions"}],"predecessor-version":[{"id":58222,"href":"https:\/\/www.crea-mt.org.br\/portal\/wp-json\/wp\/v2\/pages\/40417\/revisions\/58222"}],"wp:attachment":[{"href":"https:\/\/www.crea-mt.org.br\/portal\/wp-json\/wp\/v2\/media?parent=40417"}],"curies":[{"name":"wp","href":"https:\/\/api.w.org\/{rel}","templated":true}]}}