{"id":31930,"date":"2021-08-25T14:17:26","date_gmt":"2021-08-25T18:17:26","guid":{"rendered":"https:\/\/www.crea-mt.org.br\/portal\/?page_id=31930"},"modified":"2021-11-10T15:57:09","modified_gmt":"2021-11-10T19:57:09","slug":"eleicoes-2021","status":"publish","type":"page","link":"https:\/\/www.crea-mt.org.br\/portal\/eleicoes-2021\/","title":{"rendered":"ELEI\u00c7\u00d5ES 2021"},"content":{"rendered":"<p>A Comiss\u00e3o Eleitoral Federal \u2013 CEF tem por finalidade conduzir os processos eleitorais, no \u00e2mbito da jurisdi\u00e7\u00e3o do Confea, referentes \u00e0s elei\u00e7\u00f5es de presidente de Confea, de conselheiro federal e de diretores da M\u00fatua, de acordo com os procedimentos estabelecidos em normativo espec\u00edfico.<\/p>\n<p>No exerc\u00edcio de 2021, a Comiss\u00e3o Eleitoral Federal observar\u00e1 a seguinte composi\u00e7\u00e3o, de acordo com as Decis\u00f5es Plen\u00e1rias n\u00ba PL-0015\/2021 e PL-1446\/2021, e pela Portaria n\u00ba 235\/2021:<\/p>\n<p><strong>TITULARES<\/strong><\/p>\n<p>Eng. Ftal. Ricardo Luiz L\u00fcdke (Coordenador)<br \/>\nEng. Eletric. Jos\u00e9 Miguel de Melo Lima (Coordenador-Adjunto)<br \/>\nEng. Agr. Annibal Lacerda Margon<br \/>\nEng. Mec. Carlos de Laet Sim\u00f5es Oliveira<br \/>\nEng. Civ. Carlos Eduardo de Souza<br \/>\n<strong>SUPLENTES<\/strong><\/p>\n<p>1\u00ba Suplente &#8211; Eng. Eletric. Eletrotec. Daniel de Oliveira Sobrinho<br \/>\n2\u00ba Suplente &#8211; Eng. Agr. Daniel Roberto Galafassi<br \/>\n3\u00ba Suplente &#8211; Eng. Eletric. Eletron. Genilson Pav\u00e3o Almeida<br \/>\n4\u00ba Suplente &#8211; Eng. Agr. Andr\u00e9a Brondani da Rocha<br \/>\n5\u00ba Suplente &#8211; Eng. Mec. Michele Costa Ramos<\/p>\n<p>O\u00a0Plen\u00e1rio do Confea \u00e9 composto por 18 (dezoito) Conselheiros Federais, representantes dos grupos profissionais e das institui\u00e7\u00f5es de ensino superior, eleitos nas Unidades Federativas, em forma de rod\u00edzio, e se renova anualmente pelo ter\u00e7o de seus membros, conforme disposto no art. 29, da\u00a0<a href=\"http:\/\/www.planalto.gov.br\/ccivil_03\/leis\/L5194.htm\" target=\"_blank\" rel=\"noopener\">Lei n\u00ba 5.194, de 1966<\/a>.<\/p>\n<p>Esse rod\u00edzio \u00e9 disciplinado por uma Tabela de Sucessividade de Estados e Modalidades (Rosa dos Ventos), atualmente aprovada pela\u00a0<a href=\"https:\/\/www.confea.org.br\/sites\/default\/files\/uploads-imce\/2320-2019%20(Rosa%20dos%20Ventos).pdf\" target=\"_blank\" rel=\"noopener\">Decis\u00e3o Plen\u00e1ria n\u00ba PL 2320\/2019<\/a>. Dessa forma, os cargos de Conselheiros Federais em disputa nas Elei\u00e7\u00f5es\u00a02021 do Sistema Confea\/Crea s\u00e3o os seguintes:<\/p>\n<p>&#8211;\u00a0<strong>Mato Grosso<\/strong>: representante da modalidade Industrial;<br \/>\n&#8211;\u00a0<strong>Mato Grosso do Sul<\/strong>: representante da modalidade civil;<br \/>\n&#8211;\u00a0<strong>Piau\u00ed<\/strong>: represente do grupo\/modalidade Agronomia;<br \/>\n&#8211;\u00a0<strong>Roraima<\/strong>: representante da modalidade Industrial;<br \/>\n&#8211;\u00a0<strong>Santa Catarina<\/strong>: representante da modalidade Engenharia El\u00e9trica;<\/p>\n<p>Completando a renova\u00e7\u00e3o do ter\u00e7o do Plen\u00e1rio do Confea, neste exerc\u00edcio, ser\u00e3o realizadas as Elei\u00e7\u00f5es para o cargo de Conselheiro Federal representante das Institui\u00e7\u00f5es de Ensino Superior, na modalidade Agronomia.<\/p>\n<p>As elei\u00e7\u00f5es para Conselheiros Federais representantes das modalidades profissionais e tamb\u00e9m das IES,\u00a0ser\u00e3o realizadas em datas a serem propostas pela CEF 2021 e aprovadas pelo Plen\u00e1rio do Confea.<\/p>\n<p>No Sistema Confea\/Crea e M\u00fatua, as Elei\u00e7\u00f5es para o cargo de Conselheiro Federal s\u00e3o regulamentadas pela\u00a0<a href=\"http:\/\/normativos.confea.org.br\/downloads\/1114-19_Regulamento%20Eleitoral.pdf\" target=\"_blank\" rel=\"noopener\">Resolu\u00e7\u00e3o n\u00ba 1.114, de 2019<\/a>.<\/p>\n<p><strong>Nesta p\u00e1gina poder\u00e1 ser acompanhado todo o processo eleitoral 2021\u00a0do Sistema Confea\/Crea e M\u00fatua, desde o Edital de Convoca\u00e7\u00e3o at\u00e9 a homologa\u00e7\u00e3o do resultado final, com acesso a toda a documenta\u00e7\u00e3o pertinente, inclusive aos editais de notifica\u00e7\u00e3o das decis\u00f5es tomadas pelas Comiss\u00f5es Eleitorais Regionais, Federal e pelo Plen\u00e1rio do Confea. Contato:\u00a0<a href=\"mailto:cef@confea.org.br\">cef@confea.org.br<\/a><\/strong><\/p>\n<ul>\n<li><strong><a href=\"https:\/\/www.youtube.com\/watch?v=Zvh06bvAI8M&amp;t=1s\" target=\"_blank\" rel=\"noopener\">ASSISTA AO VIDEO COM AS INSTRU\u00c7\u00d5ES DE COMO VOTAR<\/a><\/strong><\/li>\n<\/ul>\n<!-- WP Attachments -->\r\n        <div style=\"width:100%;margin:10px 0 10px 0;\">\r\n            <h3>Attachments<\/h3>\r\n        <ul class=\"post-attachments\"><li class=\"post-attachment mime-application-pdf\"><a href=\"https:\/\/www.crea-mt.org.br\/portal\/wp-content\/uploads\/2021\/11\/2021003218-Sebastiao-Weis-de-Andrade-Junior.pdf\">2021003218 Sebasti\u00e3o Weis de Andrade Junior<\/a> <small>(6 MB)<\/small><\/li><li class=\"post-attachment mime-application-pdf\"><a href=\"https:\/\/www.crea-mt.org.br\/portal\/wp-content\/uploads\/2021\/11\/2021003217-Mario-Cavalcanti-de-Albuquerque.pdf\">2021003217 M\u00e1rio Cavalcanti de Albuquerque<\/a> <small>(8 MB)<\/small><\/li><li class=\"post-attachment mime-application-pdf\"><a href=\"https:\/\/www.crea-mt.org.br\/portal\/wp-content\/uploads\/2021\/08\/EDITAL-DE-CONVOCACAO-ELEITORAL-No-3_2021-EDITAL-DE-CONVOCACAO-ELEITORAL-No-3_2021-DOU-Imprensa-Nacional.pdf\">EDITAL-DE-CONVOCACAO-ELEITORAL-No-3_2021-EDITAL-DE-CONVOCACAO-ELEITORAL-No-3_2021-DOU-Imprensa-Nacional<\/a> <small>(117 kB)<\/small><\/li><li class=\"post-attachment mime-application-pdf\"><a href=\"https:\/\/www.crea-mt.org.br\/portal\/wp-content\/uploads\/2021\/08\/CamScanner-08-17-2021-17.48-1.pdf\">CamScanner-08-17-2021-17.48<\/a> <small>(128 kB)<\/small><\/li><li class=\"post-attachment mime-application-pdf\"><a href=\"https:\/\/www.crea-mt.org.br\/portal\/wp-content\/uploads\/2021\/11\/PROPOSTA-DE-TRABALHO-CONSELHEIRO-FEDERAL.pdf\">PROPOSTA DE TRABALHO CONSELHEIRO FEDERAL<\/a> <small>(277 kB)<\/small><\/li><li class=\"post-attachment mime-application-pdf\"><a href=\"https:\/\/www.crea-mt.org.br\/portal\/wp-content\/uploads\/2021\/08\/1.-Edital-Eleitoral-23.08.2021-Registro-de-Candidatura.pdf\">1. Edital Eleitoral 23.08.2021 (Registro de Candidatura)<\/a> <small>(207 kB)<\/small><\/li><li class=\"post-attachment mime-application-pdf\"><a href=\"https:\/\/www.crea-mt.org.br\/portal\/wp-content\/uploads\/2021\/09\/CamScanner-09-21-2021-09.29-1.pdf\">CamScanner 09-21-2021 09.29<\/a> <small>(120 kB)<\/small><\/li><li class=\"post-attachment mime-application-pdf\"><a href=\"https:\/\/www.crea-mt.org.br\/portal\/wp-content\/uploads\/2021\/11\/CURRICULO-Sebastiao-Weis.pdf\">CURRICULO Sebasti\u00e3o Weis<\/a> <small>(116 kB)<\/small><\/li><li class=\"post-attachment mime-application-pdf\"><a href=\"https:\/\/www.crea-mt.org.br\/portal\/wp-content\/uploads\/2021\/11\/CURRICULO-Mario-Cavalcanti.pdf\">CURRICULO Mario Cavalcanti<\/a> <small>(118 kB)<\/small><\/li><\/ul><\/div>","protected":false},"excerpt":{"rendered":"<p>A Comiss\u00e3o Eleitoral Federal \u2013 CEF tem por finalidade conduzir os processos eleitorais, no \u00e2mbito da jurisdi\u00e7\u00e3o do Confea, referentes \u00e0s elei\u00e7\u00f5es de presidente de Confea, de conselheiro federal e de diretores da M\u00fatua, de acordo com os procedimentos estabelecidos em normativo espec\u00edfico. No exerc\u00edcio de 2021, a Comiss\u00e3o Eleitoral Federal observar\u00e1 a seguinte composi\u00e7\u00e3o, [&hellip;]<\/p>\n","protected":false},"author":2,"featured_media":0,"parent":0,"menu_order":0,"comment_status":"closed","ping_status":"closed","template":"","meta":{"footnotes":""},"class_list":["post-31930","page","type-page","status-publish","hentry"],"acf":[],"_links":{"self":[{"href":"https:\/\/www.crea-mt.org.br\/portal\/wp-json\/wp\/v2\/pages\/31930","targetHints":{"allow":["GET"]}}],"collection":[{"href":"https:\/\/www.crea-mt.org.br\/portal\/wp-json\/wp\/v2\/pages"}],"about":[{"href":"https:\/\/www.crea-mt.org.br\/portal\/wp-json\/wp\/v2\/types\/page"}],"author":[{"embeddable":true,"href":"https:\/\/www.crea-mt.org.br\/portal\/wp-json\/wp\/v2\/users\/2"}],"replies":[{"embeddable":true,"href":"https:\/\/www.crea-mt.org.br\/portal\/wp-json\/wp\/v2\/comments?post=31930"}],"version-history":[{"count":4,"href":"https:\/\/www.crea-mt.org.br\/portal\/wp-json\/wp\/v2\/pages\/31930\/revisions"}],"predecessor-version":[{"id":34401,"href":"https:\/\/www.crea-mt.org.br\/portal\/wp-json\/wp\/v2\/pages\/31930\/revisions\/34401"}],"wp:attachment":[{"href":"https:\/\/www.crea-mt.org.br\/portal\/wp-json\/wp\/v2\/media?parent=31930"}],"curies":[{"name":"wp","href":"https:\/\/api.w.org\/{rel}","templated":true}]}}