{"id":25919,"date":"2019-12-31T10:02:17","date_gmt":"2019-12-31T14:02:17","guid":{"rendered":"https:\/\/www.crea-mt.org.br\/portal\/?page_id=25919"},"modified":"2025-04-11T10:26:57","modified_gmt":"2025-04-11T14:26:57","slug":"conversao-de-registro-provisorio-para-registro-definitivo","status":"publish","type":"page","link":"https:\/\/www.crea-mt.org.br\/portal\/conversao-de-registro-provisorio-para-registro-definitivo\/","title":{"rendered":"Convers\u00e3o de Registro Provis\u00f3rio para Registro Definitivo"},"content":{"rendered":"<p><strong>Convers\u00e3o de Registro Provis\u00f3rio para Registro Definitivo<\/strong><\/p>\n<p>O registro definitivo destina-se a profissionais que j\u00e1 conclu\u00edram o curso t\u00e9cnico ou de gradua\u00e7\u00e3o, colaram grau e que j\u00e1 possuem diploma.<\/p>\n<p>Para obt\u00ea-lo \u00e9 necess\u00e1ria anexar os documentos relacionados abaixo no sistema E-crea, N\u00c3O sendo necess\u00e1rio a apresenta\u00e7\u00e3o f\u00edsica dos documentos::<\/p>\n<ul>\n<li>Diploma (Frente e verso do diploma, devidamente assinado e registrado no \u00f3rg\u00e3o competente);<\/li>\n<li>Hist\u00f3rico escolar do curso com a indica\u00e7\u00e3o das cargas hor\u00e1rias das disciplinas cursadas;<\/li>\n<li>Formul\u00e1rio preenchido e assinado, contendo 01 foto 3 x 4 colorida com fundo branco e assinatura; (<a href=\"https:\/\/www.crea-mt.org.br\/portal\/wp-content\/uploads\/2020\/03\/formulario.pdf\"><strong>clique aqui<\/strong><\/a>)<\/li>\n<li>Comprovante de resid\u00eancia. caso n\u00e3o tenha comprovante de endere\u00e7o (<a href=\"https:\/\/www.crea-mt.org.br\/portal\/wp-content\/uploads\/2024\/06\/Formulario-de-Declaracao-de-Endereco.pdf\">clique aqui<\/a>)<\/li>\n<\/ul>\n<p><strong>Valores para pagamento:<\/strong><\/p>\n<table>\n<tbody>\n<tr>\n<td width=\"423\">Expedi\u00e7\u00e3o de Carteira de Identidade Profissional<\/td>\n<td width=\"153\">Ver tabela no site<\/td>\n<\/tr>\n<\/tbody>\n<\/table>\n<p>&nbsp;<\/p>\n<p><strong>Para solicitar o servi\u00e7o<\/strong>, <a href=\"http:\/\/ecrea.crea-mt.org.br\">clique\u00a0aqui<\/a><\/p>\n<p>&nbsp;<\/p>\n<p><strong>Manual de Procedimento<\/strong>\u00a0<a href=\"https:\/\/www.crea-mt.org.br\/portal\/wp-content\/uploads\/2019\/12\/COMO-SOLICITAR-CONVERS%C3%83O-DE-REGISTRO-PROVIS%C3%93RIO-PARA-DEFINITIVO..pdf\">Clique Aqui<\/a><\/p>\n<p>&nbsp;<\/p>\n<p><strong>D\u00favidas: (65) 3315-3000 \u2013 Digite 1 Atendimento ao P\u00fablico<\/strong><\/p>\n<!-- WP Attachments -->\r\n        <div style=\"width:100%;margin:10px 0 10px 0;\">\r\n            <h3>Attachments<\/h3>\r\n        <ul class=\"post-attachments\"><li class=\"post-attachment mime-application-pdf\"><a href=\"https:\/\/www.crea-mt.org.br\/portal\/wp-content\/uploads\/2024\/06\/Formulario-de-Declaracao-de-Endereco.pdf\">Formulario de Declara\u00e7\u00e3o de Endere\u00e7o<\/a> <small>(468 kB)<\/small><\/li><\/ul><\/div>","protected":false},"excerpt":{"rendered":"<p>Convers\u00e3o de Registro Provis\u00f3rio para Registro Definitivo O registro definitivo destina-se a profissionais que j\u00e1 conclu\u00edram o curso t\u00e9cnico ou de gradua\u00e7\u00e3o, colaram grau e que j\u00e1 possuem diploma. Para obt\u00ea-lo \u00e9 necess\u00e1ria anexar os documentos relacionados abaixo no sistema E-crea, N\u00c3O sendo necess\u00e1rio a apresenta\u00e7\u00e3o f\u00edsica dos documentos:: Diploma (Frente e verso do diploma, [&hellip;]<\/p>\n","protected":false},"author":1,"featured_media":0,"parent":0,"menu_order":0,"comment_status":"closed","ping_status":"closed","template":"","meta":{"footnotes":""},"class_list":["post-25919","page","type-page","status-publish","hentry"],"acf":[],"_links":{"self":[{"href":"https:\/\/www.crea-mt.org.br\/portal\/wp-json\/wp\/v2\/pages\/25919","targetHints":{"allow":["GET"]}}],"collection":[{"href":"https:\/\/www.crea-mt.org.br\/portal\/wp-json\/wp\/v2\/pages"}],"about":[{"href":"https:\/\/www.crea-mt.org.br\/portal\/wp-json\/wp\/v2\/types\/page"}],"author":[{"embeddable":true,"href":"https:\/\/www.crea-mt.org.br\/portal\/wp-json\/wp\/v2\/users\/1"}],"replies":[{"embeddable":true,"href":"https:\/\/www.crea-mt.org.br\/portal\/wp-json\/wp\/v2\/comments?post=25919"}],"version-history":[{"count":10,"href":"https:\/\/www.crea-mt.org.br\/portal\/wp-json\/wp\/v2\/pages\/25919\/revisions"}],"predecessor-version":[{"id":58224,"href":"https:\/\/www.crea-mt.org.br\/portal\/wp-json\/wp\/v2\/pages\/25919\/revisions\/58224"}],"wp:attachment":[{"href":"https:\/\/www.crea-mt.org.br\/portal\/wp-json\/wp\/v2\/media?parent=25919"}],"curies":[{"name":"wp","href":"https:\/\/api.w.org\/{rel}","templated":true}]}}