{"id":25899,"date":"2019-12-31T09:32:35","date_gmt":"2019-12-31T13:32:35","guid":{"rendered":"https:\/\/www.crea-mt.org.br\/portal\/?page_id=25899"},"modified":"2023-02-13T11:54:13","modified_gmt":"2023-02-13T15:54:13","slug":"visto-profissional","status":"publish","type":"page","link":"https:\/\/www.crea-mt.org.br\/portal\/visto-profissional\/","title":{"rendered":"Visto Profissional"},"content":{"rendered":"<p>&nbsp;<\/p>\n<p>O visto \u00e9 destinado aos profissionais registrados em CREAs de outros Estados.\u00a0Todo profissional que pretenda exercer atividades fora dos limites do Estado em que esteja registrado dever\u00e1 requerer visto ao Crea da regi\u00e3o. Para isso, \u00e9 necess\u00e1ria a apresenta\u00e7\u00e3o do documento relacionado abaixo:<\/p>\n<ul>\n<li>Certid\u00e3o de registro e quita\u00e7\u00e3o expedida pelo Crea atualizada para o exerc\u00edcio atual.<\/li>\n<li>Comprovante de Endere\u00e7o no Estado de Mato Grosso ou Declara\u00e7\u00e3o de Endere\u00e7o. (<a href=\"https:\/\/www.crea-mt.org.br\/portal\/wp-content\/uploads\/2022\/10\/Formulario-de-Declaracao-de-Endereco-1.pdf\">Clique Aqui<\/a>)<\/li>\n<\/ul>\n<p>&nbsp;<\/p>\n<p><strong>Para solicitar o servi\u00e7o<\/strong>, <a href=\"http:\/\/ecrea.crea-mt.org.br\/Autenticacao\/Login?ReturnUrl=%2f\">clique\u00a0aqui<\/a><\/p>\n<p>Ap\u00f3s a solicita\u00e7\u00e3o on-line, n\u00e3o \u00e9 necess\u00e1rio enviar documentos f\u00edsicos ao CREA-MT.<\/p>\n<p>&nbsp;<\/p>\n<p><strong>Manual de Procedimento<\/strong>\u00a0<a href=\"https:\/\/www.crea-mt.org.br\/portal\/wp-content\/uploads\/2020\/02\/COMO-SOLICITAR-VISTO-DE-PESSOA-FISICA.pdf\">Clique Aqui<\/a><\/p>\n<p><strong>Formul\u00e1rio Endere\u00e7o<\/strong>\u00a0<a href=\"https:\/\/www.crea-mt.org.br\/portal\/wp-content\/uploads\/2022\/10\/Formulario-de-Declaracao-de-Endereco-1.pdf\">Clique Aqui<\/a><\/p>\n<p>&nbsp;<\/p>\n<p><strong>D\u00favidas: (65) 3315-3000 \u2013 Digite 1 para Atendimento ao P\u00fablico<\/strong><\/p>\n<!-- WP Attachments -->\r\n        <div style=\"width:100%;margin:10px 0 10px 0;\">\r\n            <h3>Attachments<\/h3>\r\n        <ul class=\"post-attachments\"><li class=\"post-attachment mime-application-pdf\"><a href=\"https:\/\/www.crea-mt.org.br\/portal\/wp-content\/uploads\/2022\/08\/Formulario-de-Declaracao-de-Endereco.pdf\">Formulario de Declara\u00e7\u00e3o de Endere\u00e7o<\/a> <small>(104 kB)<\/small><\/li><li class=\"post-attachment mime-application-pdf\"><a href=\"https:\/\/www.crea-mt.org.br\/portal\/wp-content\/uploads\/2020\/02\/COMO-SOLICITAR-VISTO-DE-PESSOA-FISICA.pdf\">COMO SOLICITAR VISTO DE PESSOA FISICA<\/a> <small>(2 MB)<\/small><\/li><\/ul><\/div>","protected":false},"excerpt":{"rendered":"<p>&nbsp; O visto \u00e9 destinado aos profissionais registrados em CREAs de outros Estados.\u00a0Todo profissional que pretenda exercer atividades fora dos limites do Estado em que esteja registrado dever\u00e1 requerer visto ao Crea da regi\u00e3o. Para isso, \u00e9 necess\u00e1ria a apresenta\u00e7\u00e3o do documento relacionado abaixo: Certid\u00e3o de registro e quita\u00e7\u00e3o expedida pelo Crea atualizada para o [&hellip;]<\/p>\n","protected":false},"author":1,"featured_media":0,"parent":0,"menu_order":0,"comment_status":"closed","ping_status":"closed","template":"","meta":{"footnotes":""},"class_list":["post-25899","page","type-page","status-publish","hentry"],"acf":[],"_links":{"self":[{"href":"https:\/\/www.crea-mt.org.br\/portal\/wp-json\/wp\/v2\/pages\/25899","targetHints":{"allow":["GET"]}}],"collection":[{"href":"https:\/\/www.crea-mt.org.br\/portal\/wp-json\/wp\/v2\/pages"}],"about":[{"href":"https:\/\/www.crea-mt.org.br\/portal\/wp-json\/wp\/v2\/types\/page"}],"author":[{"embeddable":true,"href":"https:\/\/www.crea-mt.org.br\/portal\/wp-json\/wp\/v2\/users\/1"}],"replies":[{"embeddable":true,"href":"https:\/\/www.crea-mt.org.br\/portal\/wp-json\/wp\/v2\/comments?post=25899"}],"version-history":[{"count":12,"href":"https:\/\/www.crea-mt.org.br\/portal\/wp-json\/wp\/v2\/pages\/25899\/revisions"}],"predecessor-version":[{"id":44450,"href":"https:\/\/www.crea-mt.org.br\/portal\/wp-json\/wp\/v2\/pages\/25899\/revisions\/44450"}],"wp:attachment":[{"href":"https:\/\/www.crea-mt.org.br\/portal\/wp-json\/wp\/v2\/media?parent=25899"}],"curies":[{"name":"wp","href":"https:\/\/api.w.org\/{rel}","templated":true}]}}