{"id":74292,"date":"2026-08-20T12:17:39","date_gmt":"2026-08-20T16:17:39","guid":{"rendered":"https:\/\/www.crea-mt.org.br\/portal\/?post_type=licitacoes&#038;p=74292"},"modified":"2026-08-20T12:18:48","modified_gmt":"2026-08-20T16:18:48","slug":"edital-de-chamamento-publico-aviso-de-procura-no-01-2026-para-aquisicao-de-imovel-comercial","status":"publish","type":"licitacoes","link":"https:\/\/www.crea-mt.org.br\/portal\/licitacoes\/edital-de-chamamento-publico-aviso-de-procura-no-01-2026-para-aquisicao-de-imovel-comercial\/","title":{"rendered":"EDITAL DE CHAMAMENTO P\u00daBLICO AVISO DE PROCURA N\u00ba 01\/2026 PARA AQUISI\u00c7\u00c3O DE IM\u00d3VEL COMERCIAL."},"content":{"rendered":"<p>Chamamento P\u00fablico que tem por objetivo a aquisi\u00e7\u00e3o de um im\u00f3vel comercial em \u00e1rea urbana no munic\u00edpio de Lucas do Rio Verde-MT, para instala\u00e7\u00e3o da Inspetoria do Conselho Regional de Engenharia e Agronomia de Mato Grosso, conforme interesse da Administra\u00e7\u00e3o, respeitando todas as disposi\u00e7\u00f5es, condi\u00e7\u00f5es e especifica\u00e7\u00f5es e demais requisitos contidos no termo de refer\u00eancia.<\/p>\n<p><a href=\"https:\/\/www.crea-mt.org.br\/portal\/wp-content\/uploads\/2026\/08\/EDITAL-DE-CHAMAMENTO-PUBLICO-No-001-2026-COM-ANEXOS.pdf\">EDITAL DE CHAMAMENTO P\u00daBLICO N\u00ba 001-2026 COM ANEXOS<\/a><\/p>\n<p>&nbsp;<\/p>\n<p>&nbsp;<\/p>\n<!-- WP Attachments -->\r\n        <div style=\"width:100%;margin:10px 0 10px 0;\">\r\n            <h3>Attachments<\/h3>\r\n        <ul class=\"post-attachments\"><li class=\"post-attachment mime-application-pdf\"><a href=\"https:\/\/www.crea-mt.org.br\/portal\/wp-content\/uploads\/2026\/08\/EDITAL-DE-CHAMAMENTO-PUBLICO-No-001-2026-COM-ANEXOS.pdf\">EDITAL DE CHAMAMENTO P\u00daBLICO N\u00ba 001-2026 COM ANEXOS<\/a> <small>(2 MB)<\/small><\/li><\/ul><\/div>","protected":false},"featured_media":0,"template":"","class_list":["post-74292","licitacoes","type-licitacoes","status-publish","hentry"],"acf":[],"_links":{"self":[{"href":"https:\/\/www.crea-mt.org.br\/portal\/wp-json\/wp\/v2\/licitacoes\/74292","targetHints":{"allow":["GET"]}}],"collection":[{"href":"https:\/\/www.crea-mt.org.br\/portal\/wp-json\/wp\/v2\/licitacoes"}],"about":[{"href":"https:\/\/www.crea-mt.org.br\/portal\/wp-json\/wp\/v2\/types\/licitacoes"}],"wp:attachment":[{"href":"https:\/\/www.crea-mt.org.br\/portal\/wp-json\/wp\/v2\/media?parent=74292"}],"curies":[{"name":"wp","href":"https:\/\/api.w.org\/{rel}","templated":true}]}}

EDITAL DE CHAMAMENTO PÚBLICO AVISO DE PROCURA Nº 01/2026 PARA AQUISIÇÃO DE IMÓVEL COMERCIAL.

<p>Chamamento Público que tem por objetivo a aquisição de um imóvel comercial em área urbana no município de Lucas do Rio Verde-MT, para instalação da Inspetoria do Conselho Regional de Engenharia e Agronomia de Mato Grosso, conforme interesse da Administração, respeitando todas as disposições, condições e especificações e demais requisitos contidos no termo de referência.</p>
<p><a href="https://www.crea-mt.org.br/portal/wp-content/uploads/2026/08/EDITAL-DE-CHAMAMENTO-PUBLICO-No-001-2026-COM-ANEXOS.pdf">EDITAL DE CHAMAMENTO PÚBLICO Nº 001-2026 COM ANEXOS</a></p>
<p>&nbsp;</p>
<p>&nbsp;</p>
<!-- WP Attachments -->
        <div style="width:100%;margin:10px 0 10px 0;">
            <h3>Attachments</h3>
        <ul class="post-attachments"><li class="post-attachment mime-application-pdf"><a href="https://www.crea-mt.org.br/portal/wp-content/uploads/2026/08/EDITAL-DE-CHAMAMENTO-PUBLICO-No-001-2026-COM-ANEXOS.pdf">EDITAL DE CHAMAMENTO PÚBLICO Nº 001-2026 COM ANEXOS</a> <small>(2 MB)</small></li></ul></div>
